 - -1).
3
Evaluate -16 + 19 + -1 + -2 + 1.
1
(-3 - (-1 - -1)) + (0 - 5)
-8
-3 + -3 + (-16 - -24)
2
What is 5 - (-3 + 1 + 7)?
0
-9 + 5 - (1 + -1)
-4
7 + (-7 - -5) - (-1 - -10)
-4
What is the value of (-26 - -18) + (-3 - -6)?
-5
What is -3 + -5 + (4 - 0) - -8?
4
What is the value of -4 + -6 + (9 - -4)?
3
What is 4 + ((-1 - 5) + 0 - 0)?
-2
-4 - (2 + -7) - -4
5
Calculate 5 - (-8 + 10 + (-4 - -1)).
6
12 - (-4 - (-23 - -2))
-5
What is -10 + (8 - (-13 - -19))?
-8
What is -6 - (-1 + -5 - 2)?
2
(-5 - -1) + 0 + 4
0
-20 + 9 + -6 + 9
-8
Calculate 1 + -2 + (103 - 108).
-6
What is -3 + (2 + 1 - -1) - 2?
-1
What is -1 + 4 + (4 - 5) + -3?
-1
What is 2 + -8 - (-5 - (-4 + 1))?
-4
What is 3 + -4 - (-4 + -2)?
5
Calculate 0 - -1 - (0 + -9 + 7).
3
Evaluate 0 + (0 - 1) - (2 + 2).
-5
What is the value of -2 + 1 + 66 + -60?
5
Calculate -5 + (-6 + -3 - -22).
8
-2 + (9 - ((3 - -6) + -5))
3
What is the value of (-2 - (-6 - -4)) + -1?
-1
6 + -2 + 1 + 0 + 2
7
Calculate (-33 - -21) + 7 + -1.
-6
Calculate 2 - 1 - (-11 - -18).
-6
3 + -2 + (2 + -6 - -2)
-1
Calculate -24 + 23 - (0 - 1).
0
What is -10 - -8 - (-7 - 0)?
5
What is the value of 8 - (4 + 17 + -8)?
-5
Evaluate -6 + 5 - (2 + 3 + -1).
-5
Evaluate 2 + (-4 - -2) - 5.
-5
What is the value of 0 - (-2 + 0 - (7 - 4))?
5
What is -2 + (-6 - (-1 + (-2 - 2)))?
-3
What is 0 + (-4 - -3 - -4)?
3
What is the value of (2 - ((4 - 3) + 4)) + -1?
-4
Calculate 5 + 4 - (6 + 4).
-1
Evaluate -3 + 1 + 4 + 0.
2
Evaluate 1 + -2 + 2 + 3.
4
What is the value of 1 + 5 - 0 - (9 + 3)?
-6
What is the value of (-17 - -14) + (-3 - (2 - 2))?
-6
What is (0 - (2 - (-2 + 2))) + 7?
5
What is the value of -4 - ((2 - 8) + 3)?
-1
What is (-2 + 6 - 0) + -2 + 3?
5
What is the value of -21 + 13 - -6 - (-2 - -1)?
-1
What is the value of -3 - -11 - 5 - 9?
-6
Calculate -6 - 2 - -4 - -3.
-1
Calculate 0 - 5 - (0 - (6 - 0)).
1
Calculate -11 + (-12 + 21 - -5).
3
What is 14 - 18 - (-5 - 0)?
1
What is 1 + 6 - (0 + 13 + -4)?
-2
-6 + -5 + (-6 - -11 - -5)
-1
What is the value of -5 - (3 - (2 - -1))?
-5
Evaluate (-3 - (1 - (2 - 3))) + 5.
0
What is (4 - 2) + (3 - 3)?
2
-1 - (2 - 6) - (-90 + 93)
0
What is the value of -5 + -6 + 1 - -9?
-1
Calculate -5 + 0 - 0 - (20 + -24).
-1
What is (5 - 8) + 7 + -6?
-2
Calculate -2 + 0 - (218 + -215).
-5
What is the value of -3 + (1 + -2 - 0) + 3?
-1
What is the value of -1 - (-6 + 2) - (6 + -1)?
-2
Calculate -1 + -5 - (4 - -4 - 12).
-2
What is 5 - 7 - 7 - -4?
-5
Evaluate (-2 - -4) + 12 + 17 + -25.
6
What is -1 + (1 - 3 - (-1 - 2))?
0
2 - (4 + -6 - -8)
-4
What is the value of (-1 - -4) + (5 - 7)?
1
What is (-7 - 0) + 3 + 1?
-3
What is the value of 0 - -5 - (-23 - -24) - 14?
-10
(-3 - (-7 + -4)) + (-7 - -1)
2
What is -5 + 2 + -2 + 3 + -1?
-3
-1 + 1 + 7 - (-22 + 24)
5
(5 + -5 - -2) + 0
2
Calculate 11 + (-11 - -3) - (-1 - -1).
3
0 + 0 - (-4 + 8 - 8)
4
Evaluate (-4 - -3 - -3) + -3 - 1.
-2
What is the value of -1 + 0 + -6 - -8?
1
What is (14 - (3 - -4)) + -8?
-1
Calculate (0 + -3 - -1) + (30 - 32).
-4
What is -4 - (-6 - (-13 + 6))?
-5
What is the value of 14 + (-9 - -2) - 9?
-2
Calculate 3 + 2 + -3 + (-12 - -7).
-3
Calculate (-7 - -7) + (5 - 0).
5
What is the value of 3 - -1 - (2 - -5)?
-3
Calculate 1 + -14 + 8 + 8.
3
8 + -3 + (1 - -2) + -3
5
-1 + (1 - 5) + 8 + -1
2
What is the value of 1 - -8 - 16 - -9?
2
Calculate -6 + (5 - (-2 + 7 - 3)).
-3
Evaluate 12 + 4 + (0 - 7).
9
Calculate -6 - (-12 + 8 + (3 - 0)).
-5
What is 3 - (-2 - (-2 - -3) - -3)?
3
-2 + (-1 - 2 - -2) + 0
-3
9 - (-4 - (-17 + 4))
0
Evaluate (11 - 23 - -13) + 1.
2
Calculate 10 + 2 - (-6 - -14).
4
0 + -6 + 7 + 2
3
What is the value of (2 - (0 + -4)) + 0?
6
What is (-1 - 1) + 2 + 1 + 0?
1
1 - 1 - -11 - 12
-1
-1 + (1 - 2) - (5 + -1)
-6
What is the value of 4 + (-2 - -1) + -10 - -2?
-5
What is (4 - 4) + 1 + 1 + -2?
0
What is the value of -1 - (2 + (3 - 3 - -1))?
-4
Calculate (-11 - (3 + 4 - 11)) + 13.
6
-4 + -5 + 11 + -2
0
-2 + -7 + 3 - (-6 + 2)
-2
(1 - 1) + -2 + (-1 - 0)
-3
Evaluate 2 - 0 - (-42 - -41).
3
Evaluate -6 - (1 + 1 + -5 + -2).
-1
Calculate -6 - ((-4 - -5) + -2).
-5
Evaluate -1 + 7 - (55 - 46).
-3
1 + (4 - (-3 - -11)) + 0
-3
What is (-17 - -8) + -1 + 9?
-1
What is the value of (2 - 3) + 6 + -10?
-5
What is 3 + 2 - (2 - (4 - 16))?
-9
What is the value of 1 - ((6 - 4) + -5 + 4)?
0
What is 2 + (-2 - (3 - -3)) + 3?
-3
Calculate 0 + 6 - (4 + (0 - 2)).
4
What is -5 + -1 + -10 + 1 + 10?
-5
What is the value of (6 - 6) + 2 + 1 + -1?
2
Calculate 1 + -1 + 0 + -8 + 3.
-5
What is -1 + 3 + -20 + 17?
-1
12 + 5 + -8 + -7
2
What is 20 + -17 - (3 + 9)?
-9
What is the value of 1 - (-9 + -4 + 12)?
2
What is -23 + 18 - (-2 - 0)?
-3
-8 + (-8 + (2 - -11) - 2)
-5
Calculate 0 + 0 - 4 - (-289 + 278).
7
9 + -8 + 1 + 1
3
Evaluate (1 - (1 + 4)) + -34 + 34.
-4
Evaluate 1 + (4 - (-2 - -3)).
4
-3 + -1 - -9 - (5 - 3)
3
5 + (-1 + 0 - -3) + -4
3
What is -18 + 14 - (-1 + -7)?
4
What is the value of (3 + -1 - 5) + 3?
0
Calculate -3 - (11 + (-1 - 2) - 5).
-6
Calculate 0 - ((3 - 8 - -9) + -5).
1
What is -4 + (6 - -2) - -1?
5
What is the value of 5 - (6 - (11 - (5 + 1)))?
4
(-1 - (0 - -2) - -3) + 1
1
What is the value of -1 + -1 - (-39 - -34)?
3
What is (-4 + (-4 - -5) - -3) + -4?
-4
-1 - (0 - 5) - -1 - -2
7
What is 3 + -1 + (4 + -2 - 2)?
2
Evaluate 3 + 14 + -8 + -2.
7
What is the value of -1 + 0 - (-2 - 3 - -4)?
0
What is the value of 7 + (6 - 3) + -5?
5
9 + (-2 - 8) - (-8 - -5)
2
Calculate -9 + 1 - (-6 + (-20 - -23)).
-5
Evaluate -1 + 5 - (1 + -1).
4
What is the value of -3 - -1 - ((-3 - 0) + 2)?
-1
-4 + (7 - -3) + -6
0
(1 - 0) + -7 + -2 + 4
-4
What is the value of (37 - 13) + -13 + -10?
1
What is 1 + 0 + (-1 - 3) + 1?
-2
Calculate 6 - 9 - (1 + 1).
-5
-2 + (8 + -11 - (2 + -9))
2
Evaluate 1 - (1 + (-11 - -21)).
-10
Calculate -3 - (5 - 10) - 0.
2
Evaluate (-29 - -29) + (-3 - -6).
3
Calculate (6 + -2 - -1) + (-6 - -8).
7
What is 1 - (-6 + 3 + -2 + 2)?
4
-16 + 16 + 1 + 1
2
What is the value of (17 - 23) + 0 + 0 + 2?
-4
Calculate 2 - (-4 + -2 - -3).
5
Calculate (-8 - 4) + 4 + 3.
-5
What is the value of -1 - (-2 - 3) - 8?
-4
What is the value of 9 + -13 + 10 + -7?
-1
What is 3 - 0 - (198 - 187)?
-8
Calculate -2 - (-5 - -4 - (4 - -1)).
4
Calculate -2 + (-4 - -7) - 2.
-1
Evaluate 22 - 6 - 5 - 6.
5
What is the value of 2 + -4 + 1 + -1 + -1?
-3
Calculate 4 + (-1 - 1) + (1 - -2).
5
What is the value of -1 + (4 - 5) + 1?
-1
Calculate (4 - 2) + -5 + 2 + 0.
-1
5 + -13 + 9 + 5
6
What is 5 + (-7 - -6) + -5?
-1
What is the value of (4 - -1) + -1 - (-9 + 8)?
5
Calculate 3 - ((4 - 7) + 4 - -2).
0
What is the value of 5 + -4 + -4 + 4 - 4?
-3
What is -3 - (-11 - -14) - -9?
3
4 + 0 + 18 + -22
0
Calculate 5 - (-6 + 23) - -7.
-5
What is 2 - -6 - 6 - -6?
8
Calculate 2 + -8 + (7 - 3) - -6.
4
What is 3 + (3 + -3 - 8)?
-5
What is -3 + (0 - 0) - (1 - 1)?
-3
-7 - (0 - (0 - 6) - 6)
-7
What is the value of 4 + (4 - 12 - -1)?
-3
Calculate 1 + 1 - 7 - (-68 - -66).
-3
Calculate -13 - 2 - (-3 + -6).
-6
-5 - (5 + -6 + -3)
-1
What is (4 + -2 - 1) + -6?
-5
Evaluate 1 - 4 - (-7 + 7).
-3
5 + (-14 - (3 - 11))
-1
What is the value of (-3 - (2 - -1 - 7)) + -8?
-7
What is (-1 - 1 - (-3 + 2)) + 0?
-1
What is -3 + 14 + -7 - (1 - -5)?
-2
Calculate -6 + (2 + 4 - 5) + 6.
1
Evaluate 2 - (-8 - -5 - -5).
0
What is the value of -6 - (-3 + (7 - 8))?
-2
Evaluate -3 + (-17 + 15 - (-4 - 0)).
-1
Calculate (1 - (-2 + (7 - 3))) + 0.
-1
Evaluate 10 - (5 + 5 - 4).
4
Calculate (1 - -4) + (-21 - -14 - 1).
-3
What is the value of -5 - (3 + -5 + (-9 - -12))?
-6
Calculate -1 - (-4 + 2 + -1).
2
Calculate 3 + -3 + -1 + 1 - -3.
3
Evaluate -32 + 33 - (8 - (3 - 2)).
-6
Evaluate 4 + -4 + -2 + 0 + -1.
-3
Calculate 4 + 4 + (0 - 9) + 7.
6
Evaluate (6 + 9 - 6 - 5) + -2.
2
What is the value of (-1 - -2) + (-1 - 0)?
0
Calculate -5 + 4 + -4 + 6 + -1.
0
What is the value of (-5 - -4) + -6 + (-4 - -1)?
-10
Evaluate 5 + -8 - 2 - -9.
4
What is 5 + (0 - 0) + -4?
1
What is the value of (-6 - -2) + 1 + 0?
-3
Calculate 2 + -1 + -4 + 1 + 4.
2
What is -2 + 1 - -1 - (85 + -79)?
-6
What is the value of -3 + 10 + (-14 - -12)?
5
2 + -21 - (13 + -24)
-8
Evaluate -8 - -3 - (2 - 4 - 1).
-2
What is the value of -3 + 5 + (-1 + -3 - -1)?
-1
Evaluate 7 - 1 - (6 + (-15 - -18)).
-3
1 - 5 - (14 + -17)
-1
What is 6 + (6 - 2 - 6)?
4
Calculate -6 + 2 + -1 + 0.
-5
Evaluate (-4 - -3 - -2) + 7.
8
What is the value of 1